-3*w + 3*i + 1 + m = 0, -w + r = 2*i. What is the tens digit of w?
1
What is the units digit of (1194/(-5))/(42/(-105))?
7
Suppose -2*s + 31 = p, -5*p + p = s - 19. Suppose 3*d + 5*t - 15 = 3*t, 0 = 5*t - s. What is the units digit of d?
3
Suppose -5*q + 25 + 12 = 2*b, -2*q = -3*b - 11. What is the units digit of (-4)/((-8)/30)*(0 + q)?
5
Let i(t) = -3*t + 42. Let y be i(13). Suppose y*o - 350 = -11*o. What is the units digit of o?
5
Let p(a) = -109*a - 86. What is the units digit of p(-5)?
9
Let a(c) = 2*c**2 + c - 4. Suppose -34 = -5*h + 5*w - 2*w, 0 = 3*h + 5*w. Suppose 3 = -h*m + 4*m. What is the units digit of a(m)?
1
Let y be (20/30)/((-4)/6). What is the tens digit of -3 + 4 + y + 28 + 3?
3
Suppose -2*a - 2*a = 12. Let u be a*(12/(-9))/(-2). Let t = u - -19. What is the tens digit of t?
1
Suppose -4*l = 2*l - 126. What is the tens digit of 6/l + (-1810)/(-35)?
5
Let k(o) = 146*o - 14. What is the tens digit of k(4)?
7
Suppose -5*l - 12 = 13. Let q = 8 + l. What is the units digit of 169/13 + q/1?
6
Suppose -16*y - 5*y + 924 = 0. What is the units digit of y?
4
Let q(j) = -j**2 - 3*j - 1. Let u(n) be the second derivative of n**3/6 - n**2/2 - 2*n. Let x(g) = -q(g) - 2*u(g). What is the units digit of x(6)?
5
Let n(d) = -105*d - 29. Let o be n(4). Let u = o - -755. What is the hundreds digit of u?
3
Let z = -5 + 1. What is the units digit of (4/3 + z)*-12?
2
Let n(j) be the third derivative of j**6/120 - j**5/5 + 5*j**4/8 + j**3 - 9*j**2. What is the tens digit of n(11)?
5
Let c = 400 - 321. What is the tens digit of c?
7
Let b = 76 - 151. Let c be (2160/b)/((-1)/5). Suppose 2*r + q = 143, 5*q - c = -2*r + 3*q. What is the units digit of r?
1
Let k = -11 - -21. Suppose -1 = -5*j - 31. Let n = k + j. What is the units digit of n?
4
What is the units digit of 4 - 28/6*-15?
4
Suppose -3*l = 2*l + 5, -q + 2731 = -5*l. What is the tens digit of q?
2
Let a = 43 - 62. Let u = 19 + a. Suppose u = 3*i - 99 - 39. What is the tens digit of i?
4
Suppose -51*u + 63*u - 46344 = 0. What is the hundreds digit of u?
8
Let m(t) = t**2 + 1. Let n be m(-2). Suppose -3*d - 2 = -k - 10, -4*d + 20 = k. Suppose 5*l + n*j - 3*j = 153, -120 = -d*l - 4*j. What is the units digit of l?
1
Suppose -23*w - 7371 = -36*w. What is the tens digit of w?
6
Suppose 8*j - 2*v + 144 = 6*j, 0 = 4*j - 2*v + 290. What is the hundreds digit of (-3)/(220/j - -3)?
2
Let t = -802 - -1032. What is the units digit of t?
0
Let p(f) = -2*f**3 + 13*f**2 - 24*f + 18. Let t(r) = r**3 - 12*r**2 + 24*r - 17. Let x(l) = -2*p(l) - 3*t(l). What is the units digit of x(-11)?
8
Suppose 0 = 5*t + 3*j - 7*j + 13, 5*j = -4*t - 35. Let n be ((-3)/12)/(t/20). What is the tens digit of -24*n/(3/(-2))?
1
Let l = 58 - -11. What is the units digit of 26/(-3 + l/21)?
1
Suppose -4*z + 1509 = -13*a + 8*a, 2*a - 1103 = -3*z. What is the hundreds digit of z?
3
Let z(i) = 35*i - 19. Let q be z(9). Suppose 5*t - t - q = 0. What is the units digit of t?
4
Suppose -12*a = -92 - 256. Suppose 3*w - a = -u, -4*u = -w + 6*w - 46. What is the tens digit of w?
1
Let j be -1*(3 - 2)*-5. Suppose -j*u - 2 = -4*y + 14, 4*u + 20 = 5*y. Suppose 4*h + s = 92, 4*h + u*h - 72 = 4*s. What is the units digit of h?
2
Suppose 23890 = 15*a + 1735. What is the thousands digit of a?
1
Let a(f) = f - 18. Let l(w) = w**2 - 10*w - 15. Let x be l(12). Let g be a(x). Let k(z) = z**2 + 7*z + 3. What is the tens digit of k(g)?
2
Suppose -2*v + 34 + 86 = 0. Let w = v - 43. What is the tens digit of w?
1
Let q(x) = -61*x + 2 + 28*x + 29*x. What is the tens digit of q(-4)?
1
Suppose -748 = -5*u + 2852. Suppose -15*x + 11*x = -u. What is the tens digit of x?
8
What is the tens digit of (7182/252)/(3/398)?
8
Let o = -107 - -104. What is the tens digit of 6*((-41)/o + -3)?
6
Let p(x) = 2*x**3 + 3*x**2 - 4*x - 6. Let z be p(-4). Let g = -37 + 12. Let q = g - z. What is the tens digit of q?
4
Let q = 4 - 2. Let g(i) = 0*i**2 - 3*i - i**q - 6 - 5*i. What is the units digit of g(-6)?
6
Suppose -5*w + 1951 = 2*a, -6*a + a + 1163 = 3*w. What is the tens digit of w?
9
Suppose -2*z - 67 - 29 = 0. Let a = 85 + z. What is the units digit of a?
7
Let h(x) = x**2 + 9*x - 20. Let y be h(-11). Suppose -4*a + 984 = 4*d, -4*d = -y*a - 9*d + 504. What is the units digit of a?
2
Let q(c) = -11*c - 19. Let s(z) = 10*z + 19. Let i(o) = 5*q(o) + 4*s(o). What is the hundreds digit of i(-8)?
1
Let j be (-15)/21 + 3 - 8/28. Suppose j*y = -3*y + 550. What is the hundreds digit of y?
1
Let f(o) = 30*o**2 + 2*o - 1. Let s be f(1). Let x = 190 + -188. Suppose -b + 2*y - 3 = 0, -s = -b - 2*b - x*y. What is the units digit of b?
7
Let s be -12*(-7)/28 + -152 + -1. Let v = -59 - s. What is the tens digit of v?
9
Let j(k) = k**3 + 24*k**2 + 23*k. Let u be j(-23). Suppose -2*a + 100 = h + 4*h, u = 4*a. What is the units digit of h?
0
Let x = 4397 - 2793. What is the tens digit of x?
0
Suppose 15*f - 7*f = 0. Suppose 8*a - 9*a + 2 = f. What is the units digit of a?
2
Let o(t) = t**3 - 9*t**2 + 10. Let s be o(9). Suppose -2*d - s = 6. Let i = d + 12. What is the units digit of i?
4
Let c(w) = -10 + 8 - 13 + 7*w - 9. What is the units digit of c(8)?
2
Let b be (10/(-6))/(2/(-6)). Suppose -6*f - 5 = -b*f. What is the units digit of (-1)/f + (-116)/(-20)?
6
Suppose -4 = -3*o + 2*o. What is the tens digit of 9/3 - o*-5?
2
Suppose 2*a - 2*j + 1854 = 0, 0 = 4*j - 3 - 5. What is the units digit of a/30*-3 - 2/(-4)?
3
Let d(w) = -6*w - 24. Let f be d(-4). What is the hundreds digit of 1*-3 + (f + -3 - -122)?
1
Let t be (-3)/2*8/(-6). Suppose -8 - 22 = -5*x. Suppose -x = -0*v - t*v. What is the units digit of v?
3
Suppose 0 = b - 3 - 0. Suppose 5*w + 0*l = -l + 23, 26 = 4*w - b*l. Let x(q) = 4*q - 7. What is the tens digit of x(w)?
1
Let l(m) = -m**3 - 8*m**2 + 9*m + 7. Let h be -8 + 1 + (-2)/1. Let a be l(h). Suppose -a*k - 2 = -8*k. What is the units digit of k?
2
Let l = 604 - -465. What is the hundreds digit of l?
0
Let k(u) = 21*u - 15. Let m be k(9). Suppose -5*z + m + 316 = 0. What is the tens digit of z?
9
Let u = 5967 + -2018. What is the units digit of u?
9
Let j(y) = -y**3 - y**2 - y + 118. Let s = 30 - 30. What is the units digit of j(s)?
8
Suppose 12*k - 2521 = 3863. What is the hundreds digit of k?
5
Let v be (-30)/(-6)*4/10. Let j(a) = 69*a + 2. What is the units digit of j(v)?
0
Suppose 10*k + 14*k - 23976 = 0. What is the hundreds digit of k?
9
Let l = -48 - -53. Suppose l*i - 183 = 177. What is the units digit of i?
2
Suppose 0*o - 3 = -o. Let w(r) = 6*r**2 - r + 4. What is the tens digit of w(o)?
5
Let r(b) = b**3 + 14*b**2 - 4*b + 1. What is the hundreds digit of r(-6)?
3
Suppose -x - 5*d = 11, 0 = 2*d + d + 9. Suppose s - 3*j - 120 = -x*s, -j + 32 = s. What is the tens digit of s?
2
Let v = 3893 - 2501. What is the units digit of v?
2
What is the hundreds digit of 2/5 + ((-2663)/(-5) - -7)?
5
Suppose -3*y - 8 = 2*y + d, -5*y = -2*d - 1. Let v(t) be the third derivative of -19*t**4/12 + 2*t**2. What is the tens digit of v(y)?
3
Let w be 26/6 + (-7)/21. Let c(h) = 5*h**2 - 5*h**2 + 3 + h**3 + 4*h - w*h**2. What is the tens digit of c(5)?
4
Let k(c) = -c**3 + 16*c**2 - 27*c + 22. What is the tens digit of k(13)?
7
Suppose -3*o + 2*v + 560 = -2488, 3*v = 4*o - 4064. What is the tens digit of o?
1
What is the hundreds digit of (-2)/(-8) + 879*(-35)/(-60)?
5
Let k = -8 + 10. Suppose 26 - 16 = k*u. What is the units digit of (-6 - -2)/(u - 6)?
4
Let o = -6 + -4. What is the units digit of (-2 + o)/((-4)/(16 - 4))?
6
Let y(r) = 2*r**2 + 9*r + 1. Let v = -8 - 1. Let l be y(v). Suppose 0 = 3*z - l - 35. What is the units digit of z?
9
Let s = 227 - -19. Suppose -4*j = -98 - s. What is the units digit of j?
6
What is the units digit of (415/(-10)*2)/(-1)?
3
Let t = 241 - 129. What is the tens digit of t?
1
What is the hundreds digit of (-334*(-3 - -4))/(-2)?
1
Suppose 5*m = 122*t - 127*t + 13465, t = 1. What is the thousands digit of m?
2
Suppose x = 3 + 1. What is the hundreds digit of 109*(-1)/(-3)*12/x?
1
Let p(c) = -3*c + 27. Let q be p(9). Suppose -13*h + 2*h + 1430 = q. What is the units digit of h?
0
Let g(b) = 22 + 2*b**3 + 2*b + 2 - 3*b**3. What is the units digit of g(0)?
4
Let g(f) = -f**3 - 13*f**2 - 12*f - 1. Let k be -1 - (-2 - 39/(-3)). Let s be g(k). What is the 